ive c(-49).
22
Let j(d) = d**3 - 52*d**2 - 106*d - 118. Determine j(54).
-10
Let y(k) = -100*k - 100. Calculate y(-1).
0
Let q(f) = -f**2 - 30*f - 147. What is q(-28)?
-91
Let a(n) = 3*n**2 + 119*n - 250. Calculate a(-39).
-328
Let a(j) = -j**2 + 93*j + 12599. Calculate a(-75).
-1
Let f(z) = -z**3 - 16*z**2 + 218*z - 390. Calculate f(7).
9
Let f(m) = 3*m**2 + m - 18. Calculate f(11).
356
Let k(o) = 268*o + 590. What is k(-2)?
54
Let h(q) = 4*q + 379. Determine h(17).
447
Let z(l) = l**2 - l - 18. Calculate z(7).
24
Let g(d) = d**2 - 360*d + 2503. Determine g(7).
32
Let t(m) = -4*m**2 - 4*m + 54. What is t(8)?
-234
Let d(p) = -358*p - 4589. What is d(-13)?
65
Let f(q) = 846*q + 22001. Calculate f(-26).
5
Let y(q) = -q**2 + 27*q + 172. Calculate y(-20).
-768
Let g(q) = -29*q**2 - 8*q. Give g(-1).
-21
Let f(c) = 3*c**3 + 73*c**2 - 47*c + 69. Calculate f(-25).
-6
Let p(m) = 5*m**2 + 203*m + 114. What is p(-39)?
-198
Let w(d) = -4*d**2 + 98*d - 595. Determine w(13).
3
Let l(y) = -2*y**3 - 40*y**2 - 164*y + 231. What is l(-13)?
-3
Let g(t) = t**3 + 15*t**2 + 18*t + 28. What is g(-13)?
132
Let c(h) = h - 50. Calculate c(-35).
-85
Let y(b) = 6*b**2 + 42*b + 135. Calculate y(-3).
63
Let r(w) = w**2 - 43*w + 83. Calculate r(38).
-107
Let w(m) = 116*m + 205. Give w(-2).
-27
Let i(m) = 64*m - 9. Give i(0).
-9
Let i(r) = -r**3 + 64*r**2 - 188*r + 247. What is i(61)?
-58
Let i(b) = 2*b**3 + 17*b**2 - 17*b - 135. What is i(-8)?
65
Let y(g) = 2*g**2 + 42*g - 80. What is y(-20)?
-120
Let s(u) = 179*u - 914. Give s(5).
-19
Let p(x) = -x**3 - 16*x**2 - 54*x - 36. Determine p(-12).
36
Let x(s) = -s**2 - 155*s - 3632. Determine x(-29).
22
Let i(k) = 5*k - 177. What is i(13)?
-112
Let o(j) = -40*j - 2851. What is o(-72)?
29
Let a(u) = -u**2 - 1907*u - 15165. What is a(-8)?
27
Let o(z) = -54733*z + 54736. What is o(1)?
3
Let u(m) = -504*m - 15628. What is u(-31)?
-4
Let r(j) = -67*j - 450. What is r(-9)?
153
Let v(r) = -46*r**2 - 156*r + 356. Give v(-5).
-14
Let z(p) = 53*p + 690. Calculate z(-13).
1
Let x(c) = -3*c**3 - 36*c**2 + 244*c + 61. What is x(5)?
6
Let w(a) = a**3 - 3*a**2 + 8*a - 39. What is w(5)?
51
Let o(s) = 2*s**2 - 69*s + 46. Determine o(24).
-458
Let a(u) = -20*u - 456. Give a(-25).
44
Let q(b) = 3*b - 65. Calculate q(20).
-5
Let m(o) = 44*o + 3262. Give m(-74).
6
Let v(t) = t**2 + 25*t + 35. Determine v(-9).
-109
Let f(w) = 5*w - 175. What is f(18)?
-85
Let c(g) = -170*g + 1017. Determine c(6).
-3
Let z(b) = -13*b - 107. Determine z(-17).
114
Let b(l) = 174*l - 10097. Determine b(58).
-5
Let v(h) = -2*h + 105. Determine v(8).
89
Let r(f) = -4*f**3 - 13*f**2 + 7. Determine r(-3).
-2
Let y(q) = q**2 + 44*q + 402. What is y(-31)?
-1
Let l(p) = -76*p + 812. Calculate l(11).
-24
Let m(o) = -3*o**3 + 3*o**2 + 7*o + 7. Determine m(-5).
422
Let o(u) = 2*u**2 + 833*u + 4136. Give o(-5).
21
Let n(v) = 12*v**2 - 35*v + 34. What is n(1)?
11
Let d(s) = -s**2 - 16*s + 44. Determine d(12).
-292
Let o(j) = j**2 + 100*j - 5783. What is o(41)?
-2
Let a(m) = 2*m**2 - 16*m + 204. Calculate a(9).
222
Let d(r) = -663*r - 19228. Give d(-29).
-1
Let p(g) = -g**3 + 12*g**2 + 82*g - 28. What is p(17)?
-79
Let a(t) = -t**3 - 33*t**2 + 35*t + 87. Calculate a(-34).
53
Let b(g) = -45*g + 78. Calculate b(-3).
213
Let i(o) = 33*o**2 + 170*o + 23. Determine i(-5).
-2
Let s(o) = -7*o**3 - 5*o**2 + 3*o + 4. Calculate s(-2).
34
Let n(k) = 39*k - 383. Determine n(9).
-32
Let c(w) = 5*w**3 - 21*w**2 + 29*w - 7. Determine c(1).
6
Let j(s) = -6*s**3 + 472*s**2 + 149*s + 716. Give j(79).
5
Let z(m) = 1628*m + 34189. Give z(-21).
1
Let w(k) = 4*k**2 - 69*k - 252. Calculate w(19).
-119
Let r(t) = -1297*t + 3890. What is r(3)?
-1
Let m(r) = r**3 - r**2 + 22*r - 46. Give m(2).
2
Let j(q) = -23*q + 1276. What is j(54)?
34
Let p(i) = i**3 + 98*i**2 - 114*i - 723. Calculate p(-99).
762
Let d(z) = -z**2 - 167*z - 3334. What is d(-23)?
-22
Let d(r) = -r**2 - 41*r - 339. Calculate d(-33).
-75
Let w(d) = -18*d**2 - 15*d - 3. Determine w(-5).
-378
Let c(q) = 2*q**2 + 92*q + 573. Calculate c(-7).
27
Let v(l) = -1833*l + 104485. What is v(57)?
4
Let k(w) = 1076*w - 6466. What is k(6)?
-10
Let b(g) = 2*g**3 + 44*g**2 + 13*g + 99. Calculate b(-22).
-187
Let n(b) = -219*b**2 + 3409*b - 1864. Determine n(15).
-4
Let r(q) = 45*q**2 - 71*q + 70. Calculate r(1).
44
Let a(f) = -27*f - 133. Give a(-6).
29
Let c(o) = 4*o**2 - 246*o - 2710. Determine c(71).
-12
Let f(h) = -h**3 - 24*h**2 - 61*h + 20. Calculate f(-21).
-22
Let r(f) = -2*f**3 + 3*f**2 - 2*f + 32. What is r(3)?
-1
Let i(h) = -2*h**2 - 7*h + 79. Determine i(6).
-35
Let j(i) = -i**2 + 6*i - 336. Calculate j(0).
-336
Let l(a) = -442*a + 4870. What is l(11)?
8
Let i(o) = -558*o + 3918. Give i(7).
12
Let n(v) = -v**2 - 74*v - 11. What is n(-1)?
62
Let z(f) = -728*f + 822. Give z(1).
94
Let x(s) = -6*s**3 + 10*s**2 - 3*s + 4. What is x(0)?
4
Let j(m) = 12*m**2 + 37*m - 72. Calculate j(2).
50
Let g(z) = 13*z**3 + 14*z**2 + 28*z - 2. What is g(-2)?
-106
Let y(i) = -173*i + 178. What is y(1)?
5
Let t(y) = 23*y + 344. Determine t(-14).
22
Let o(m) = m**3 + 30*m**2 + 484*m + 11985. Determine o(-28).
1
Let k(u) = u**2 + 128*u + 1925. Calculate k(-17).
38
Let z(u) = 43*u - 102. Calculate z(6).
156
Let f(x) = -x**3 - 2*x**2 + 12*x + 56. Give f(-4).
40
Let s(v) = v**3 + 67*v**2 - 391*v - 2251. Give s(-72).
-19
Let b(v) = -2*v**3 - v**2 + 4*v + 5. Calculate b(5).
-250
Let j(u) = 8*u - 263. Determine j(39).
49
Let d(p) = -2*p**3 - 66*p**2 + 65*p - 117. Determine d(-34).
-15
Let b(y) = -y**3 - 61*y**2 + 277*y - 81. Determine b(4).
-13
Let t(b) = 27*b**3 - 2*b**2 + 27*b - 25. Give t(1).
27
Let f(c) = 45*c + 357. What is f(-9)?
-48
Let q(p) = 2*p**3 + 11*p**2 + 41*p + 172. Calculate q(-5).
-8
Let g(v) = -22*v + 7. Determine g(3).
-59
Let y(p) = p + 56. Give y(-33).
23
Let s(p) = 9*p**2 - 66*p - 43. Calculate s(8).
5
Let g(i) = i**2 + 475*i - 5352. Calculate g(11).
-6
Let p(a) = 31*a - 25. Give p(8).
223
Let s(o) = o**3 + 21*o**2 + 17*o + 415. What is s(-20)?
475
Let l(g) = -g**2 - 113*g + 2517. Determine l(19).
9
Let n(f) = -37*f**2 + 218*f + 7. Give n(6).
-17
Let n(b) = -12*b - 130. Determine n(-18).
86
Let g(a) = -a**3 + 6*a**2 - 8*a + 63. Give g(6).
15
Let k(z) = 249*z + 2530. Calculate k(-10).
40
Let f(v) = 2*v**3 + 146*v**2 + v + 70. Determine f(-73).
-3
Let y(b) = -5372*b + 16116. What is y(3)?
0
Let a(r) = -16*r - 387. Calculate a(-17).
-115
Let n(k) = 222*k + 882. What is n(-4)?
-6
Let f(i) = 15*i**3 + 2*i**2 - i + 13. Determine f(3).
433
Let j(i) = -i**3 + 17*i**2 - 28*i + 5. What is j(15)?
35
Let i(v) = 97*v - 798. Determine i(8).
-22
Let k(g) = 4*g**2 + 67*g - 73. Determine k(-19).
98
Let c(o) = -19*o - 14. What is c(11)?
-223
Let q(j) = 40*j - 30. Determine q(-2).
-110
Let p(o) = -4*o**3 - 91*o**2 - 178*o + 5. Give p(-2).
29
Let b(p) = 4*p**2 - 125*p + 67. Determine b(30).
-83
Let v(a) = a**2 - 23*a - 1677. Calculate v(54).
-3
Let p(s) = -s**3 + 6*s**2 - 5*s + 11. Calculate p(5).
11
Let r(u) = -u**3 + 3*u**2 + 551*u - 31. Calculate r(25).
-6
Let z(k) = 461*k + 4818. Determine z(-11).
-253
Let y(s) = s**2 - 48*s - 1267. Calculate y(67).
6
Let i(q) = -2772*q + 8319. Calculate i(3).
3
Let u(s) = 9*s - 11. What is u(24)?
205
Let f(m) = 1402*m - 1403. Calculate f(1).
-1
Let t(b) = -b**3 - b**2 + 8*b + 77. Determine t(-5).
137
Let i(f) = -70*f - 761. Give i(-11).
9
Let m(n) = 59*n**2 - 359*n + 25. Calculate m(6).
-5
Let z(b) = 58*b + 10961. What is z(-189)?
-1
Let t(m) = -9*m**3 - 3*m**2 - 257*m - 510. What is t(-2)?
64
Let t(u) = 11*u**2 - 412*u + 194. Determine t(37).
9
Let x(i) = -45*i - 155. What is x(-5)?
70
Let j(n) = 675*n + 4080. Calculate j(-6).
30
Let l(y) = -59*y + 961. Determine l(14).
135
Let i(z) = -z**3 - 2*z**2 + 590*z + 372. Give i(-25).
-3
Let s(v) = 31*v + 171. Determine s(-6).
-15
Let c(f) = -f**3 - 88*f**2 - 94*f - 590. Calculate c(-87).
19
Let j(x) = 51*x + 1592. Calculate j(-32).
-40
Let h(n) = 4*n**3 - 66*n**2 - 189*n - 27. What is h(19)?
-8
Let x(o) = 2*o**3 + 67*o**2 + 21*o - 372. What is x(-33)?
24
Let i(n) = 4*n**2 - 9*n - 92. Determine i(-5).
53
Let m(c) = c**2 - 11*c + 7. Calculate m(6).
-23
Let r(o) = -o**3 - 7*o**2 - 22*o - 155. Calculate r(-8).
85
Let r(f) = f**2 + 223*f - 3567. Give r(15).
3
Let o(k) = 176*k - 2635. Give o(1